nder when a(-1) is divided by 22.
20
Suppose b - 2*b = 0. Suppose 2*w - 5*k - 59 = b, -5*k = w - 0*k + 8. Let t = -5 + 36. What is the remainder when t is divided by w?
14
Let a(p) = p**3 + 3*p**2 - 2*p + 2. Let m be a(-3). Suppose 6*u = m*u - 134. Calculate the remainder when u is divided by 10.
7
Suppose 0 = 5*j + 3*u - 40, 4*u + 1 + 52 = 3*j. Calculate the remainder when 294 is divided by j.
8
Suppose 121 = j - 7*b + 4*b, -5*j + 515 = 3*b. Suppose 35*z + 3*h - 102 = 31*z, 3*z + h - 79 = 0. What is the remainder when j is divided by z?
25
Let h(v) = -140*v - 2. Let y be h(-1). Suppose 0 = 4*c + 3*q + y, -q = -5*c - 4 - 178. Let g = -22 - c. Calculate the remainder when 27 is divided by g.
13
Let f be 23 + 3 + -1*4. Let n = f + -9. Suppose 4*i + i = 255. Calculate the remainder when i is divided by n.
12
Let g(n) = n**2 + 13*n - 14. Let k be g(-14). Let w(q) = q + 12. What is the remainder when 40 is divided by w(k)?
4
Let l(r) be the second derivative of -r**4/12 - 3*r**3/2 - 7*r**2 + 14*r. What is the remainder when 13 is divided by l(-6)?
1
What is the remainder when 455 is divided by -6 + 2/(14/441)?
56
Let p(o) = -o**3 + o + 6. Let v be p(0). Let a = v - 1. Calculate the remainder when 18 is divided by a.
3
Suppose 0 = -10*o + 36*o - 15912. What is the remainder when o is divided by 41?
38
Let l(g) = 16*g + 134. Calculate the remainder when l(-7) is divided by 3.
1
Suppose -7*z - 153 + 391 = 0. Let o = z + -1. Calculate the remainder when 97 is divided by o.
31
Suppose 2*t + 0*t + 6546 = 0. What is the remainder when 2/12 - (t/18 + -5) is divided by 9?
7
Suppose 0 = -11*z - 27 + 269. Calculate the remainder when 100 is divided by z.
12
Suppose -15 = -8*k + 57. Suppose -3*g = -4*c - 47, 3*g - 4*c + k*c = 29. What is the remainder when 50 is divided by g?
11
Suppose 10*v + 0 - 1420 = 0. Calculate the remainder when v is divided by (-54)/(10/(-4) - -1).
34
Suppose -12*j - 15 = -15*j. Let g(b) = 35*b - 48. Calculate the remainder when g(j) is divided by 43.
41
What is the remainder when 4/((-20)/15)*204/(-9) is divided by 20?
8
Let p = 729 + -713. Calculate the remainder when 51 is divided by p.
3
Suppose 7*g = -1298 + 3265. Calculate the remainder when g is divided by 57.
53
Suppose -5*y = o - 2*o + 58, -4*o = -3*y - 232. Suppose 0 = 34*i - 26*i - 48. What is the remainder when o is divided by i?
4
Let p(o) = -1 - 14*o + 54*o**2 + 16*o - 20*o**2. Let w be p(1). Let h = -17 + w. Calculate the remainder when h is divided by 4.
2
Let t be (5/20)/(1/28). Suppose -21 - t = 4*p. What is the remainder when (p/14)/((-1)/54) is divided by 14?
13
Suppose 85 = 5*a + 4*o, 3*a + 5*o = 9*o + 19. Suppose -a*b + 23 + 68 = 0. Calculate the remainder when b is divided by 5.
2
Suppose -12 = 2*f - 0*f. Let m = f + 19. Suppose i = -4, 5*i + 197 = 5*a - 68. What is the remainder when a is divided by m?
10
Suppose 0 = -3*t + 10 + 101. Suppose 3*f - t - 368 = 0. Calculate the remainder when f is divided by 34.
33
Suppose -9*o + 11*o + 2*y - 14 = 0, -2*o + 4 = -3*y. What is the remainder when 43 is divided by o?
3
Suppose 769 = 21*g - 113. Calculate the remainder when 50 is divided by g.
8
Let b(l) = 3*l**3 - 27*l**2 - 23*l - 4. Calculate the remainder when 230 is divided by b(10).
32
Suppose 7*g - 423 + 101 = 0. Suppose 0 = -5*t + 2*s - 14 + 127, s = 2*t - g. What is the remainder when t is divided by 11?
10
Suppose 6*l - 5*l = 22. Calculate the remainder when 255 is divided by l.
13
Suppose -2120 = -14*p + 204. What is the remainder when p is divided by 25?
16
Let n(z) = -z**3 + 3*z**2 + 2*z - 4. Let x be n(5). Let j = -41 - x. What is the remainder when 4/(-14) - 132/(-21) is divided by j?
0
Let f be 2*(11/(-2) + -3). Let b = f + 25. Calculate the remainder when b is divided by 6.
2
Suppose -u - 4*u = -20. Suppose -4*p + 12 = 4*c, p - 17 = 2*c - 26. Calculate the remainder when c is divided by u.
0
Let s(d) = -d**2 - 32*d + 485. Calculate the remainder when 383 is divided by s(-43).
11
Let w = 3 + -1. Let u be (-3)/4*48/(-18). Suppose -4*i = -5*n + 36, -1 = u*n + 3*i + 3. What is the remainder when n is divided by w?
0
Let f(x) = 12*x + 145. Calculate the remainder when 44 is divided by f(-10).
19
Calculate the remainder when 207 is divided by 169 - -1 - (-26 + 19).
30
Suppose 2*k - u - 253 = 6*k, 0 = -2*u + 6. Let b = 70 + k. Calculate the remainder when 9 is divided by b.
3
Suppose 0 = -8*g + 19 + 5. Suppose 2*y - 7 - 5 = g*b, 0 = -3*y - 4*b + 1. Calculate the remainder when 39 is divided by y*4/(-6) - -12.
9
Suppose 3*q + 31 = 5*t, -35 = -5*t + 3*q + 2*q. Suppose 2*b + 39 = t*b. Suppose -3*r = -r - 74. What is the remainder when r is divided by b?
11
Let s(v) = v**2 + 3*v + 3. Let l = -6 + 3. Calculate the remainder when s(l) is divided by 3.
0
Let r(f) = -f + 24. Suppose 4*x - 5 = 2*u + 25, -35 = -4*x + 3*u. What is the remainder when r(10) is divided by x?
4
Let a = 55 - 53. Suppose -a*o + 3*o - 16 = 0. Calculate the remainder when o is divided by 6.
4
Let j = -12 - -4. Let y = j + 36. Calculate the remainder when 53 is divided by y.
25
Suppose 0 = -0*c + 3*c + 3, -4*f = c - 143. What is the remainder when 89 is divided by f?
17
Suppose 4 = 6*o - 20. Suppose -2*v + 1500 = o*v. Calculate the remainder when v is divided by 36.
34
Suppose -210 = 10*m - 16*m. What is the remainder when 45 is divided by m?
10
Suppose -2*u + 10*u = 40. Suppose 0 = -2*j + 4, -3*j - 1 - 1 = -2*g. Calculate the remainder when 8 is divided by (g + -3)/(1/u).
3
Suppose 0 = 35*m - 34*m - 5. Suppose 0*c = m*c - 20, 5*n - 2*c - 257 = 0. What is the remainder when n is divided by 29?
24
Suppose -464*h + 466*h - 22 = 0. What is the remainder when 36 is divided by h?
3
Let a(i) be the third derivative of -3*i**4/8 - 31*i**3/6 - 10*i**2. Calculate the remainder when a(-6) is divided by 12.
11
Suppose 0 = 37*n - 43*n + 1146. What is the remainder when n is divided by 9?
2
Suppose -5*b = -3*v - 91, -4*v - b - 75 = 54. Suppose d - 4 = -3*d. Calculate the remainder when 53 is divided by d/(-4) + (-456)/v.
11
Let s be 1 - (1 - (4 - 0)). Suppose 5*y = -3*n + 18, -s*y + 0*y = 2*n - 16. Suppose -70 = -7*u - 7. What is the remainder when u is divided by y?
3
Let v be 12/(-20) - (-84)/15. Suppose 2*t + 1 - 10 = w, 3*w + 22 = v*t. Calculate the remainder when (-27)/6*(t - 29) is divided by 28.
24
Calculate the remainder when 6/54 - (-1124)/9 is divided by 16.
13
Suppose -3*m = -b - 33 - 95, 0 = -4*m + 4*b + 176. Suppose 0 = -10*f + m + 68. What is the remainder when f is divided by 5?
1
Let m = -1326 + 1331. What is the remainder when 226 is divided by m?
1
Suppose 3*q + 221 = -4*a, 0 = -0*a + 3*a + 15. Let n = 115 + q. Calculate the remainder when 39 is divided by (-2 - n/(-14))*7.
9
Let v = 64 - 39. Calculate the remainder when v is divided by (-1)/((-345)/(-70) - 5).
11
Let i(j) = -j**3 + j**2. Let v(k) = -6*k**3 + 5*k**2 + 2*k - 3. Let h(q) = 4*i(q) - v(q). Calculate the remainder when 167 is divided by h(3).
41
Let w(b) = -b**2 + 2*b + 6. Let d be w(-4). Calculate the remainder when 5/(-45) - 740/d is divided by 15.
11
Let q(p) = p + 14. Let s be q(-12). Calculate the remainder when (14 + -16)/(s/(-29)) is divided by ((-2)/(-4))/((-2)/(-64)).
13
Let u = 11 - 40. Let c = 25 + u. What is the remainder when 58 is divided by 495/22*c/(-3)?
28
Let l = 766 - 553. Calculate the remainder when l is divided by 45.
33
Suppose -5*t = 4*s - 280, -2*s - 2*s = -t + 80. Let p = -108 + 192. Suppose 0 = -0*q - 4*q + p. Calculate the remainder when t is divided by q.
18
Let d be (-5)/(((-18)/(-60))/((-18)/15)). Suppose d = -4*w, -5*h - 4*w = -h - 552. Calculate the remainder when h is divided by 29.
27
Suppose -4*y + 24 = -0. Suppose k + 65 = t, t = y*t - k - 341. Calculate the remainder when t is divided by 14.
13
Suppose 20 = -8*c - 28. Suppose 6*l = 2*l - 4*w + 228, 4*l = w + 228. Calculate the remainder when l is divided by (-94)/c + 12/(-18).
12
Suppose 2 = -2*h + 3*h. Suppose 0 = -h*r + 109 - 27. What is the remainder when r is divided by 6?
5
Let j be ((-1)/(-2))/((-3)/36). Let k(h) = -2*h - 2. Calculate the remainder when (-238)/(-4) - 16/(224/21) is divided by k(j).
8
Suppose -67 = 5*k - 7. What is the remainder when 6 is divided by (-5)/20 + (-39)/k?
0
Let g = -12 - -13. What is the remainder when 5 